5104)/(-145) - 2/o.
5, 7
Suppose 4114 = 5*r + 599. Suppose -r = -4*b + 825. List the prime factors of b.
2, 191
Let t = 539 + -355. Suppose t = g - 168. What are the prime factors of g?
2, 11
Suppose -14*f + 7*f + f = -54042. What are the prime factors of f?
9007
Suppose 45*f - 51 = 28*f. What are the prime factors of f + (263 - 2/2)?
5, 53
Let i(v) be the third derivative of -v**6/120 + v**5/10 + 5*v**4/24 + 5*v**3/6 - 39*v**2. Let h be i(-4). List the prime factors of h/3 + 28/(-21).
47
Suppose -137 - 178 = -3*b. Suppose -3*r = -2*l + 136, 2*l + 2*r - b - 11 = 0. Suppose f = -2*h + 18, -3*f - 2*f + l = 3*h. What are the prime factors of f?
2, 5
Let p be 4/16 + (-321)/4. Let t = p + 79. Let w(b) = 126*b**2 + 3*b + 4. List the prime factors of w(t).
127
Suppose q + 6 = 2*z - q, 3*q = z + 5. Let j(t) = -7*t + 55. Let v be j(z). Suppose -i = 4*y - 856, 2 - v = -i. List the prime factors of y.
3, 71
Suppose 3*d + 5*u + 192 = 0, d - 15*u = -13*u - 75. What are the prime factors of (d/92)/(3/(-848))?
2, 53
Suppose -q = -4*o - 330, 7*o - 1320 = -4*q + 6*o. Suppose -319 = -r + 2*w, -r + 9 = 3*w - q. List the prime factors of r.
3, 109
Suppose -6*t + 261 = 243. Suppose 4*n = -s + 2*s - 404, s + t*n = 383. What are the prime factors of s?
2, 7
Suppose 3*p + r + 265 = -373, -2*p = 4*r + 422. Let f = p - -450. What are the prime factors of f?
3, 79
Let t be -181 - (160/(-24) - (-4)/6). Let l = t - -533. What are the prime factors of l?
2, 179
Suppose -51*k = -243300 - 213507. What are the prime factors of k?
13, 53
Let m(c) = 83*c + 57. Let u(w) = w - 2. Let y(g) = -m(g) + 4*u(g). What are the prime factors of y(-3)?
2, 43
Suppose -115 = -15*y + 95. Suppose -141 = 11*f - y*f. Suppose 0*l = 5*l - 2*z - 74, -5*z + f = 2*l. What are the prime factors of l?
2
Suppose 22*a - 17*a - 20 = 0. Let o(t) = -18*t**3 + 2*t**2 + 2*t. Let m be o(-2). Suppose a*z + 4*p - 260 = 0, p + 17 - m = -2*z. List the prime factors of z.
2, 3, 11
Let n(w) = 810*w + 1756. What are the prime factors of n(4)?
2, 1249
Let x be (388/(-3))/((-38)/1140). Suppose -3*w = 12, 0 = -0*m + 4*m + 5*w - x. What are the prime factors of m?
3, 5, 13
Let y(s) = 4*s - 6. Let l be y(3). Let v(z) = -21*z + 41. Let k(c) = -3*c - 2. Let n(a) = -2*k(a) - v(a). List the prime factors of n(l).
5
Let z = -169 + 409. Let u = 268 + z. What are the prime factors of (u/(-8) + -2)*(-4 - -2)?
131
Let x(f) be the third derivative of -31*f**6/120 + f**5/20 - 7*f**3/6 + f**2 - 94*f. What are the prime factors of x(-2)?
11, 23
Let w(a) = -28*a + 425. What are the prime factors of w(-78)?
2609
Let c = -192 + 223. List the prime factors of (71 + -93)/((-1)/(c/2)).
11, 31
Let b(l) = 22*l**3 - 6*l**2 - 40*l + 137. What are the prime factors of b(9)?
15329
Suppose -7*d + 9*d - 3*t - 411 = 0, t - 787 = -4*d. Let z(v) = -v**3 + 4*v**2 - 4*v + 2. Let k be z(3). List the prime factors of (k*1)/(-2 + d/100).
2, 5
What are the prime factors of 85062/21 - (-390)/273?
2, 1013
Let v(r) = -16589*r**3 - 7*r**2 - 24*r - 22. What are the prime factors of v(-1)?
2, 3, 691
List the prime factors of 1314541/116 + (9/12 - 1).
2, 2833
Let o = 92433 - 62876. List the prime factors of o.
11, 2687
Suppose 0 = -3*l + f - 3 + 5, 0 = -3*f + 12. Suppose l*w + 516 = 1364. List the prime factors of w.
2, 53
Suppose -53*x + 1011029 = 30*x - 234137. What are the prime factors of x?
2, 13, 577
Let t be 6/4*10/15 - -19. Suppose -t = -b - 13. Suppose 2*c - b*c + 140 = 0. List the prime factors of c.
2, 7
Suppose -2*l - 3*h = -39, l + 2*h = -2*h + 17. Let r be (96/l + -4)/(2/7). List the prime factors of ((-48)/20)/(r/(-25)).
2, 3, 5
Let x = -45 + 46. Let b = x + 1. Suppose s = 3*n + 72, 0 = b*n + 4. What are the prime factors of s?
2, 3, 11
Suppose 3 = 5*h - 2. Suppose 3*v = -a + 7, -a + 5*v + h = 2. Suppose 5*j = -a*o + 628, 0 = o - 0*o - j - 157. What are the prime factors of o?
157
Suppose -4*f = 3*o + 535, -2*o - 3*o - 121 = f. Let a = 479 + f. List the prime factors of a.
7
Let y(j) = j**3 + 6*j**2 - 8*j - 5. Let v be y(-7). Let w(c) = -16*c - 192. Let z be w(-12). Suppose v*s + s - 399 = z. List the prime factors of s.
7, 19
Suppose -5277 + 66197 = s + 4*z, 3*z = 15. What are the prime factors of s?
2, 3, 5, 7, 29
Suppose -i + 4*o = -245, -3*i - 2*o + 1115 - 380 = 0. Suppose -i*p + 248*p - 1632 = 0. What are the prime factors of p?
2, 17
Suppose 32*i = 38*i - 18. Suppose 548 = i*x + 5*z, 48*z + 754 = 4*x + 43*z. List the prime factors of x.
2, 3, 31
Let l = -162 + 162. Suppose 225 = 3*w - 3*a, -5*w + a = -l*w - 383. List the prime factors of w.
7, 11
Suppose 3*z - 242 = -f + 61, 5*f - 2*z - 1430 = 0. Let a = f - 461. Let l = -25 - a. What are the prime factors of l?
2, 37
Suppose -1215*b + 1222*b - 60151 = 0. What are the prime factors of b?
13, 661
Let k(v) = v**3 - 17*v**2 - v + 53. Suppose -105 = -7*y + 14. What are the prime factors of k(y)?
2, 3
Suppose -o = -4*r + 9, 0*r = 5*r - 20. Suppose -o*q = 59 - 3. Let j = 128 - q. List the prime factors of j.
2, 17
What are the prime factors of (12*(-23)/(-138))/(2 + (-10542)/5272)?
2, 659
Suppose 3*q - 6 - 3 = 0. Suppose 0 = -3*b + 4*b - q, -a = -b - 267. Suppose -2*r + a = -0*r - 4*s, -2*s = 2*r - 264. What are the prime factors of r?
7, 19
Let c(l) = 12*l**2 - 113*l - 859. List the prime factors of c(-8).
3, 271
Suppose 5*u - 2*w = 9*u - 1826, -4*w + 1816 = 4*u. Let n = 749 - u. What are the prime factors of n?
2, 5, 29
Suppose -3778369 - 2626337 = -154*x. What are the prime factors of x?
3, 4621
Let f be (4 - 3)*(-1)/1*-3. What are the prime factors of 2/f*(20040/(-8))/(-5)?
2, 167
Let b = 1941 - 907. Suppose b = 6*k - 490. List the prime factors of k.
2, 127
Let f be 40/(-64)*-10 - (-2)/(-8). Let a(v) = -2*v + 129. What are the prime factors of a(f)?
3, 13
Let r(u) = -4186*u**2 + 9*u - 14. Let d be r(-5). What are the prime factors of d/(-285) - (-4)/(-10)?
367
Let n(u) = 1015*u**3 - 2*u + 1. Suppose 5*t = -0*t + 5. List the prime factors of n(t).
2, 3, 13
Suppose 5*o = 241 - 16. Let j = o + -41. Suppose -2*h + 6*h - 4*b - 332 = 0, 5*h + j*b - 370 = 0. List the prime factors of h.
2, 3, 13
Suppose 5*x + 42 = 532. What are the prime factors of x/4*(10 + 4)?
7
Suppose 14614 = 3*k - 533. Suppose -6*x = -15*x + k. List the prime factors of x/6 + 1/(-2).
3, 31
Let j = -47 - -124. Let n = j + -67. Suppose 450 = -n*c + 16*c. What are the prime factors of c?
3, 5
Let u(a) = -31*a - 31. Let p be u(4). Let x = p - -719. List the prime factors of x.
2, 3, 47
Let h(u) = -22*u - 5. Let z be (-2)/(2*(-4)/16). Let n(s) = 45*s + 11. Let g(f) = z*n(f) + 9*h(f). List the prime factors of g(-6).
107
Suppose 3*a - 19 = 134. Let h = a - 75. Let m = h - -36. List the prime factors of m.
2, 3
Let o(x) be the third derivative of -5*x**4/6 + 47*x**3/3 - 38*x**2. List the prime factors of o(-9).
2, 137
Let l(u) = -u + 6. Let q = 45 - 40. Let f(c) = -c**3 + 5*c**2 - c + 5. Let s be f(q). What are the prime factors of l(s)?
2, 3
Suppose 0 = n - 3*j - 11307, 16683 = 5*n + 2*j - 39903. List the prime factors of n.
2, 3, 23, 41
Let c(i) = 237*i + 9861. List the prime factors of c(99).
2, 3, 2777
Suppose 9647 = 4*i + 5*f, -13*i = -15*i - f + 4825. List the prime factors of i.
19, 127
Suppose 14*t + 69326 = 3*f + 9*t, 0 = -t + 5. What are the prime factors of f?
23117
Let n(g) = -51*g**3 + g**2 - 1. Let c be n(-1). Let l(p) = -c + 10 + 22 + 6*p - 26*p. What are the prime factors of l(-8)?
3, 47
List the prime factors of -29*14/(-4263) - (-86054)/42.
3, 683
What are the prime factors of 123/(-492) + 598935/12 - (-2 + 0)?
19, 37, 71
Suppose t = 24*t + 56005. Let g = 3491 + t. What are the prime factors of g?
2, 3, 11
Let y = 63 + -57. Let v be (y - (2 - 1)) + (-6)/2. Suppose 0 = -v*x + 6*x - 40. List the prime factors of x.
2, 5
What are the prime factors of 1978/(-1)*8/(-16)?
23, 43
Suppose -o + 314 - 67 = 3*x, 0 = 4*o + 2*x - 998. Let r = -95 + o. Suppose -2*l = y + 2*l - r, 0 = 4*y + 2*l - 690. What are the prime factors of y?
5, 7
Let u = -1450 - -493. Let f = -497 - u. What are the prime factors of f?
2, 5, 23
Let g be (-381939)/(-153) + (-5)/(-3). What are the prime factors of g/10 + 44/(-55)?
3, 83
Suppose 0 = 12*o - 9*o - 39. Suppose -37 = -4*m - o. List the prime factors of 8 - (-1 + -4 + m).
7
Let h(o) = -5*o - 4. 